{"id":65152,"date":"2023-11-28T11:53:44","date_gmt":"2023-11-28T10:53:44","guid":{"rendered":"https:\/\/fedil.lu\/environnement-2023\/"},"modified":"2023-11-29T09:04:42","modified_gmt":"2023-11-29T08:04:42","slug":"environnement-2023","status":"publish","type":"page","link":"https:\/\/fedil.lu\/en\/environnement-2023\/","title":{"rendered":"Environnement"},"content":{"rendered":"<div class=\"text-block js-section\">\n    <h2 class=\"text-block__title\" data-page-navigation=\"\">\n        \n    <\/h2>\n    <div class=\"text-block__text format-text\">\n        <ol id=\"haut\">\n<li><a href=\"#1\">1. Autorisations environnementales<\/a><\/li>\n<li><a href=\"#2\">2. D\u00e9chets<\/a><\/li>\n<\/ol>\n<p><a href=\"https:\/\/fedil.lu\/fr\/publications\/analyse-du-programme-gouvernemental-2\/#sujets\">(Retour aux grands sujets analys\u00e9s)<\/a><\/p>\n<hr \/>\n\n    <\/div>\n<\/div>\n\n<div class=\"text-block js-section\">\n    <h2 class=\"text-block__title\" data-page-navigation=\"\">\n        \n    <\/h2>\n    <div class=\"text-block__text format-text\">\n        <h2 id=\"1\">1. Autorisations environnementales<\/h2>\n<h3 id='s-1-1-intentions-du-gouvernement'>1.1. Intentions du Gouvernement<\/h3>\n<p>(* num\u00e9ro de page dans l\u2019accord de coalition 2023-2028)<\/p>\n<h5 id='s-principe-de-proportionnalite'>Principe de proportionnalit\u00e9<\/h5>\n<p><em>Le Gouvernement veillera dans sa politique climatique que les nouvelles obligations respectent le principe de proportionnalit\u00e9 en ce qui concerne d\u2019\u00e9ventuelles nouvelles charges pour les citoyens. L\u2019introduction de nouvelles mesures sera accompagn\u00e9e d\u2019aides financi\u00e8res adapt\u00e9es et socialement \u00e9quitables. L\u2019incitation primera sur l\u2019interdiction en ce qui concerne les nouvelles mesures. Dans ce cadre, la gouvernance des diff\u00e9rentes aides \u00e9tatiques en faveur des m\u00e9nages et entreprises sera optimis\u00e9e. (*p.51)<\/em><\/p>\n<h5 id='s-des-regles-pragmatiques-et-comprehensibles'>Des r\u00e8gles pragmatiques et compr\u00e9hensibles<\/h5>\n<p><em>[\u2026] Dans le but d\u2019\u00e9viter des proc\u00e9dures longues et fastidieuses qui ralentissent le d\u00e9veloppement des \u00e9nergies renouvelables, la cr\u00e9ation de logements ou de pistes cyclables, et d\u2019augmenter l\u2019acceptation de la population, le Gouvernement proc\u00e9dera \u00e0 un examen approfondi des diff\u00e9rents textes l\u00e9gislatifs en question, simplifiera et acc\u00e9l\u00e9rera les proc\u00e9dures et \u00e9vitera les doubles emplois.<\/em><\/p>\n<p><em>Dans ce cadre, le \u00ab recours en r\u00e9formation \u00bb sera r\u00e9introduit dans la loi concernant la protection de la nature et des ressources naturelles. (*p.60)<\/em><\/p>\n<h5 id='s-acceleration-des-procedures-pour-le-developpement-des-energies-renouvelables'>Acc\u00e9l\u00e9ration des proc\u00e9dures pour le d\u00e9veloppement des \u00e9nergies renouvelables<\/h5>\n<p><em>Le d\u00e9veloppement des \u00e9nergies renouvelables constitue une priorit\u00e9 nationale pour le Gouvernement et ne doit pas \u00eatre frein\u00e9 par des proc\u00e9dures compliqu\u00e9es. Les d\u00e9lais d&#8217;approbation des projets \u00e9nerg\u00e9tiques durables seront r\u00e9duits consid\u00e9rablement. (*p.53)<\/em><\/p>\n<p><em>\u00c0 l\u2019instar des proc\u00e9dures au niveau communal pour les installations photovolta\u00efques, le Gouvernement introduira, dans la mesure du possible, le principe de l&#8217;accord tacite. En outre, le Gouvernement examinera la possibilit\u00e9 de supprimer l\u2019exigence de l\u2019autorisation de construire pour les installations photovolta\u00efques sur les b\u00e2timents r\u00e9sidentiels. (*p.53)<\/em><\/p>\n<h5 id='s-cgdis'>CGDIS<\/h5>\n<p><em>Le Gouvernement soutiendra le Corps grand-ducal d\u2019incendie et de secours (CGDIS) dans ses efforts de professionnalisation et de r\u00e9duction du temps d\u2019intervention de ses \u00e9quipes. (*p17)<\/em><\/p>\n<h5 id='s-natur-auf-zeit'>\u00ab Natur auf Zeit \u00bb<\/h5>\n<p><em>L\u2019application de la loi sur la protection de la nature \u00e0 l\u2019int\u00e9rieur du p\u00e9rim\u00e8tre d\u2019agglom\u00e9ration sera revue. Le concept de nature temporaire (Natur auf Zeit) sera introduit. Ce concept aura comme avantage de permettre le d\u00e9veloppement temporaire de la flore et de la faune sans d\u00e9clencher les m\u00e9canismes de protection et de compensation de la l\u00e9gislation en mati\u00e8re de protection de la nature. (*p.60)<\/em><\/p>\n<p><em>Le Gouvernement \u00e9tudiera la possibilit\u00e9 de d\u00e9velopper les friches industrielles en exemptant ce d\u00e9veloppement des obligations de compensation de la faune et de la flore. (*p.60)<\/em><\/p>\n<h5 id='s-flexibilisation-des-mesures-de-compensation'>Flexibilisation des mesures de compensation<\/h5>\n<p><em>Le syst\u00e8me actuel de compensation et d&#8217;\u00e9co-points sera soumis \u00e0 une \u00e9valuation approfondie, tant en termes d&#8217;efficacit\u00e9 que de charge bureaucratique pour les acteurs concern\u00e9s. Sous des conditions clairement d\u00e9finies, la mise en \u0153uvre de mesures de compensation sur des terrains priv\u00e9s sera autoris\u00e9e, pour autant que l&#8217;utilit\u00e9 \u00e9cologique des mesures soit garantie. Par ailleurs, le Gouvernement introduira la possibilit\u00e9 d\u2019accumuler des \u00e9co-points en avance par la mise en \u0153uvre de mesures respectueuses de l&#8217;environnement. La possibilit\u00e9 d\u2019une participation \u00e9tatique aux co\u00fbts du financement des mesures de compensation en vue de la r\u00e9alisation de projets de logements sera \u00e9tudi\u00e9e. (*p.60)<\/em><\/p>\n<h5 id='s-simplification-administrative-a-travers-le-net-zero-industry-act'>Simplification administrative \u00e0 travers le \u00ab Net zero industry act \u00bb<\/h5>\n<p><em>La proposition de r\u00e8glement de l\u2019Union europ\u00e9enne pour une industrie \u00ab z\u00e9ro net \u00bb (Net zero industry act) pr\u00e9voit des d\u00e9lais d\u2019octroi des autorisations pour l\u2019implantation de certaines industries de 18 mois, voire de seulement douze mois afin de favoriser le red\u00e9ploiement de certains secteurs industriels cl\u00e9s. Au niveau national, le Gouvernement mettra en place une plateforme de concertation efficace, afin de pouvoir respecter ces d\u00e9lais ambitieux et chargera la Cellule de facilitation urbanisme et environnement du suivi et de la mise en \u0153uvre du r\u00e8glement pr\u00e9mentionn\u00e9. (*p.147)<\/em><\/p>\n<h5 id='s-une-politique-dimplantation-dentreprises-durable-coherente-et-transparente'>Une politique d\u2019implantation d\u2019entreprises durable, coh\u00e9rente et transparente<\/h5>\n<p><em>Le Gouvernement adaptera le concept de Comptabiliteitscheck (CoCheck) en poursuivant un double objectif permettant d\u2019acc\u00e9l\u00e9rer les proc\u00e9dures : le respect des crit\u00e8res de qualit\u00e9 nationaux d\u2019un c\u00f4t\u00e9, et un certain niveau de s\u00e9curit\u00e9 de planification pour les investisseurs de l\u2019autre c\u00f4t\u00e9. Afin d&#8217;atteindre au mieux ces deux objectifs, le Gouvernement mettra en \u0153uvre le CoCheck comme une plateforme de rencontres et d&#8217;\u00e9changes entre les parties impliqu\u00e9es. (*p.147)<\/em><\/p>\n<h5 id='s-numerisation-des-procedures'>Num\u00e9risation des proc\u00e9dures<\/h5>\n<p><em>Le Gouvernement cr\u00e9era un seul point de contact pour les d\u00e9marches administratives en mati\u00e8re d&#8217;environnement. La simplification administrative sera promue. (*p.67)<\/em><\/p>\n<h5 id='s-once-only'>Once only<\/h5>\n<p><em>Dans l\u2019optique d\u2019introduire le principe du \u00ab once only \u00bb, la plateforme myguichet sera optimis\u00e9e. (*p.158)<\/em><\/p>\n<p><em>Le guichet unique pour entreprises sera d\u00e9velopp\u00e9 de sorte \u00e0 ce que les entreprises soient inform\u00e9es en temps r\u00e9el de la progression du traitement de leur demande et qu\u2019elles aient un aper\u00e7u complet, comme par exemple au sujet des aides approuv\u00e9es et des autorisations d\u2019\u00e9tablissement. (*p.158)<\/em><\/p>\n<p><em>Le partage de documents avec diff\u00e9rentes administrations publiques et minist\u00e8res sera \u00e9galement facilit\u00e9 par le biais de la plateforme myguichet afin de garantir le principe du once only, dans le strict respect du r\u00e8glement g\u00e9n\u00e9ral sur la protection des donn\u00e9es. (*p.158)<\/em><\/p>\n<h3 id='s-1-2-evaluation-du-point-de-vue-de-la-fedil'>1.2. \u00c9valuation du point de vue de la FEDIL<\/h3>\n<p>L&#8217;association industrielle exprime ses f\u00e9licitations au Gouvernement pour les nombreuses mesures entreprises en vue de simplifier, rationaliser et acc\u00e9l\u00e9rer les proc\u00e9dures d&#8217;autorisation environnementale dans le but de les rendre plus pragmatiques. Afin de garantir la mise en \u0153uvre efficace de ces mesures, il appara\u00eet indispensable que toutes les parties prenantes et les autorit\u00e9s comp\u00e9tentes soient convenablement pr\u00e9par\u00e9es et inform\u00e9es. Cela leur permettra d&#8217;ajuster le traitement de leurs dossiers pour refl\u00e9ter la plus grande c\u00e9l\u00e9rit\u00e9 et les nouvelles ambitions des politiques environnementales.<\/p>\n<p>La FEDIL salue avec satisfaction l&#8217;innovation repr\u00e9sent\u00e9e par le concept de \u00ab Nature auf Zeit\u00a0\u00bb. Il est \u00e9vident que ce principe devra \u00e9galement s&#8217;appliquer aux zones d&#8217;activit\u00e9s, dont les terrains n&#8217;auraient temporairement pas \u00e9t\u00e9 occup\u00e9s par une activit\u00e9 \u00e9conomique, et ne devrait pas se focaliser uniquement sur les agglom\u00e9rations.<\/p>\n<p>Il ressort de retours obtenus de la part de promoteurs de projets d\u2019investissement que l\u2019intervention du CGDIS dans les processus d\u2019autorisation commence \u00e0 cr\u00e9er des probl\u00e8mes pour le bon avancement de ces projets. Il faudra organiser, orienter et encadrer le CGDIS de mani\u00e8re \u00e0 ce qu\u2019il ne devienne un frein additionnel parmi les multiples intervenants dans les processus d\u2019autorisation.<\/p>\n<p><a href=\"#haut\">(Retour aux sujets analys\u00e9s dans le domaine Environnement)<\/a><\/p>\n<hr \/>\n<h2 id=\"2\">2. D\u00e9chets<\/h2>\n<h3 id='s-2-1-intentions-du-gouvernement'>2.1. Intentions du Gouvernement<\/h3>\n<p>(* num\u00e9ro de page dans l\u2019accord de coalition 2023-2028)<\/p>\n<h5 id='s-decharges-pour-dechets-inertes'>D\u00e9charges pour d\u00e9chets inertes<\/h5>\n<p><em>La capacit\u00e9 actuelle des d\u00e9charges de d\u00e9chets de construction \u00e9tant insuffisante, le Gouvernement veillera \u00e0 ce que de nouvelles d\u00e9charges de d\u00e9chets de construction soient d\u00e9sign\u00e9es dans toutes les r\u00e9gions du pays. Dans ce cadre, les excavations de sols seront r\u00e9duites afin d\u2019\u00e9viter la production de d\u00e9blais. Les terres non contamin\u00e9es devraient par ailleurs \u00e9galement \u00eatre r\u00e9utilis\u00e9es localement dans une logique d\u2019\u00e9conomie circulaire. (*p.66)<\/em><\/p>\n<h5 id='s-mise-en-oeuvre-dune-solution-nationale-pour-les-boues-depuration'>Mise en \u0153uvre d\u2019une solution nationale pour les boues d\u2019\u00e9puration<\/h5>\n<p><em>Depuis l&#8217;arr\u00eat des importations de boues d&#8217;\u00e9puration en France, il est devenu indispensable de trouver une solution nationale pour l&#8217;\u00e9limination des boues. De concert avec les communes et syndicats de communes concern\u00e9s, le Gouvernement mettra en \u0153uvre le projet de construction d&#8217;une installation d&#8217;incin\u00e9ration nationale avec r\u00e9cup\u00e9ration du phosphore et s&#8217;engage \u00e0 ce que ce projet soit r\u00e9alis\u00e9 dans les meilleurs d\u00e9lais. (*p.64)<\/em><\/p>\n<h3 id='s-2-2-evaluation-du-point-de-vue-de-la-fedil'>2.2. \u00c9valuation du point de vue de la FEDIL<\/h3>\n<p>La FEDIL se r\u00e9jouit de constater que sa demande concernant les d\u00e9charges pour d\u00e9chets inertes a \u00e9t\u00e9 prise en compte par le Gouvernement. Il s&#8217;agit d&#8217;une mesure qui profitera \u00e0 l&#8217;efficacit\u00e9 du secteur de la construction et \u00e0 la r\u00e9duction de l&#8217;empreinte carbone du secteur du transport. Quant \u00e0 l&#8217;empreinte carbone du secteur de la construction, elle b\u00e9n\u00e9ficiera de l&#8217;approche visant \u00e0 r\u00e9duire les excavations n\u00e9cessaires \u00e0 la construction de b\u00e2timents.<\/p>\n<p>La FEDIL estime qu&#8217;il est n\u00e9cessaire de d\u00e9velopper une initiative visant \u00e0 traiter l&#8217;\u00e9limination des boues d&#8217;\u00e9puration en collaboration avec les parties prenantes susceptibles de les utiliser comme mati\u00e8re premi\u00e8re secondaire pour la production de chaleur, notamment dans la production de ciment.<\/p>\n<p>Il est imp\u00e9ratif que le Luxembourg s&#8217;abstienne de prendre des mesures unilat\u00e9rales dans le domaine de l&#8217;emballage, comme cela a \u00e9t\u00e9 constat\u00e9 par le pass\u00e9, car de telles initiatives risquent d\u2019avoir des r\u00e9percussions perturbatrices sur l&#8217;industrie et le commerce. Au contraire, il est essentiel de mettre en avant l&#8217;importance de travailler en \u00e9troite collaboration avec nos \u00a0pays voisins en vue d&#8217;\u00e9laborer et de mettre en \u0153uvre des politiques relatives aux plastiques et aux emballages. Cette coop\u00e9ration rev\u00eat une importance cruciale pour parvenir \u00e0 un \u00e9quilibre entre les caract\u00e9ristiques fonctionnelles des emballages, notamment leur r\u00f4le dans la pr\u00e9servation des produits, et l&#8217;imp\u00e9ratif de r\u00e9duire les d\u00e9chets, tout en encourageant la r\u00e9utilisation et le recyclage. \u00c0 cette fin, il pourrait \u00eatre n\u00e9cessaire d&#8217;engager des n\u00e9gociations et de conclure des accords avec nos pays voisins.<\/p>\n<p><a href=\"#haut\">(Retour aux sujets analys\u00e9s dans le domaine Environnement)<\/a><\/p>\n\n    <\/div>\n<\/div>","protected":false},"excerpt":{"rendered":"","protected":false},"author":14,"featured_media":0,"parent":0,"menu_order":0,"comment_status":"closed","ping_status":"closed","template":"","meta":{"_acf_changed":false,"footnotes":""},"class_list":["post-65152","page","type-page","status-publish","hentry"],"acf":[],"_links":{"self":[{"href":"https:\/\/fedil.lu\/en\/wp-json\/wp\/v2\/pages\/65152","targetHints":{"allow":["GET"]}}],"collection":[{"href":"https:\/\/fedil.lu\/en\/wp-json\/wp\/v2\/pages"}],"about":[{"href":"https:\/\/fedil.lu\/en\/wp-json\/wp\/v2\/types\/page"}],"author":[{"embeddable":true,"href":"https:\/\/fedil.lu\/en\/wp-json\/wp\/v2\/users\/14"}],"replies":[{"embeddable":true,"href":"https:\/\/fedil.lu\/en\/wp-json\/wp\/v2\/comments?post=65152"}],"version-history":[{"count":1,"href":"https:\/\/fedil.lu\/en\/wp-json\/wp\/v2\/pages\/65152\/revisions"}],"predecessor-version":[{"id":65250,"href":"https:\/\/fedil.lu\/en\/wp-json\/wp\/v2\/pages\/65152\/revisions\/65250"}],"wp:attachment":[{"href":"https:\/\/fedil.lu\/en\/wp-json\/wp\/v2\/media?parent=65152"}],"curies":[{"name":"wp","href":"https:\/\/api.w.org\/{rel}","templated":true}]}}

<div class="text-block js-section">
    <h2 class="text-block__title" data-page-navigation="">
        
    </h2>
    <div class="text-block__text format-text">
        <ol id="haut">
<li><a href="#1">1. Autorisations environnementales</a></li>
<li><a href="#2">2. Déchets</a></li>
</ol>
<p><a href="https://fedil.lu/fr/publications/analyse-du-programme-gouvernemental-2/#sujets">(Retour aux grands sujets analysés)</a></p>
<hr />

    </div>
</div>

<div class="text-block js-section">
    <h2 class="text-block__title" data-page-navigation="">
        
    </h2>
    <div class="text-block__text format-text">
        <h2 id="1">1. Autorisations environnementales</h2>
<h3 id='s-1-1-intentions-du-gouvernement'>1.1. Intentions du Gouvernement</h3>
<p>(* numéro de page dans l’accord de coalition 2023-2028)</p>
<h5 id='s-principe-de-proportionnalite'>Principe de proportionnalité</h5>
<p><em>Le Gouvernement veillera dans sa politique climatique que les nouvelles obligations respectent le principe de proportionnalité en ce qui concerne d’éventuelles nouvelles charges pour les citoyens. L’introduction de nouvelles mesures sera accompagnée d’aides financières adaptées et socialement équitables. L’incitation primera sur l’interdiction en ce qui concerne les nouvelles mesures. Dans ce cadre, la gouvernance des différentes aides étatiques en faveur des ménages et entreprises sera optimisée. (*p.51)</em></p>
<h5 id='s-des-regles-pragmatiques-et-comprehensibles'>Des règles pragmatiques et compréhensibles</h5>
<p><em>[…] Dans le but d’éviter des procédures longues et fastidieuses qui ralentissent le développement des énergies renouvelables, la création de logements ou de pistes cyclables, et d’augmenter l’acceptation de la population, le Gouvernement procédera à un examen approfondi des différents textes législatifs en question, simplifiera et accélérera les procédures et évitera les doubles emplois.</em></p>
<p><em>Dans ce cadre, le « recours en réformation » sera réintroduit dans la loi concernant la protection de la nature et des ressources naturelles. (*p.60)</em></p>
<h5 id='s-acceleration-des-procedures-pour-le-developpement-des-energies-renouvelables'>Accélération des procédures pour le développement des énergies renouvelables</h5>
<p><em>Le développement des énergies renouvelables constitue une priorité nationale pour le Gouvernement et ne doit pas être freiné par des procédures compliquées. Les délais d&#8217;approbation des projets énergétiques durables seront réduits considérablement. (*p.53)</em></p>
<p><em>À l’instar des procédures au niveau communal pour les installations photovoltaïques, le Gouvernement introduira, dans la mesure du possible, le principe de l&#8217;accord tacite. En outre, le Gouvernement examinera la possibilité de supprimer l’exigence de l’autorisation de construire pour les installations photovoltaïques sur les bâtiments résidentiels. (*p.53)</em></p>
<h5 id='s-cgdis'>CGDIS</h5>
<p><em>Le Gouvernement soutiendra le Corps grand-ducal d’incendie et de secours (CGDIS) dans ses efforts de professionnalisation et de réduction du temps d’intervention de ses équipes. (*p17)</em></p>
<h5 id='s-natur-auf-zeit'>« Natur auf Zeit »</h5>
<p><em>L’application de la loi sur la protection de la nature à l’intérieur du périmètre d’agglomération sera revue. Le concept de nature temporaire (Natur auf Zeit) sera introduit. Ce concept aura comme avantage de permettre le développement temporaire de la flore et de la faune sans déclencher les mécanismes de protection et de compensation de la législation en matière de protection de la nature. (*p.60)</em></p>
<p><em>Le Gouvernement étudiera la possibilité de développer les friches industrielles en exemptant ce développement des obligations de compensation de la faune et de la flore. (*p.60)</em></p>
<h5 id='s-flexibilisation-des-mesures-de-compensation'>Flexibilisation des mesures de compensation</h5>
<p><em>Le système actuel de compensation et d&#8217;éco-points sera soumis à une évaluation approfondie, tant en termes d&#8217;efficacité que de charge bureaucratique pour les acteurs concernés. Sous des conditions clairement définies, la mise en œuvre de mesures de compensation sur des terrains privés sera autorisée, pour autant que l&#8217;utilité écologique des mesures soit garantie. Par ailleurs, le Gouvernement introduira la possibilité d’accumuler des éco-points en avance par la mise en œuvre de mesures respectueuses de l&#8217;environnement. La possibilité d’une participation étatique aux coûts du financement des mesures de compensation en vue de la réalisation de projets de logements sera étudiée. (*p.60)</em></p>
<h5 id='s-simplification-administrative-a-travers-le-net-zero-industry-act'>Simplification administrative à travers le « Net zero industry act »</h5>
<p><em>La proposition de règlement de l’Union européenne pour une industrie « zéro net » (Net zero industry act) prévoit des délais d’octroi des autorisations pour l’implantation de certaines industries de 18 mois, voire de seulement douze mois afin de favoriser le redéploiement de certains secteurs industriels clés. Au niveau national, le Gouvernement mettra en place une plateforme de concertation efficace, afin de pouvoir respecter ces délais ambitieux et chargera la Cellule de facilitation urbanisme et environnement du suivi et de la mise en œuvre du règlement prémentionné. (*p.147)</em></p>
<h5 id='s-une-politique-dimplantation-dentreprises-durable-coherente-et-transparente'>Une politique d’implantation d’entreprises durable, cohérente et transparente</h5>
<p><em>Le Gouvernement adaptera le concept de Comptabiliteitscheck (CoCheck) en poursuivant un double objectif permettant d’accélérer les procédures : le respect des critères de qualité nationaux d’un côté, et un certain niveau de sécurité de planification pour les investisseurs de l’autre côté. Afin d&#8217;atteindre au mieux ces deux objectifs, le Gouvernement mettra en œuvre le CoCheck comme une plateforme de rencontres et d&#8217;échanges entre les parties impliquées. (*p.147)</em></p>
<h5 id='s-numerisation-des-procedures'>Numérisation des procédures</h5>
<p><em>Le Gouvernement créera un seul point de contact pour les démarches administratives en matière d&#8217;environnement. La simplification administrative sera promue. (*p.67)</em></p>
<h5 id='s-once-only'>Once only</h5>
<p><em>Dans l’optique d’introduire le principe du « once only », la plateforme myguichet sera optimisée. (*p.158)</em></p>
<p><em>Le guichet unique pour entreprises sera développé de sorte à ce que les entreprises soient informées en temps réel de la progression du traitement de leur demande et qu’elles aient un aperçu complet, comme par exemple au sujet des aides approuvées et des autorisations d’établissement. (*p.158)</em></p>
<p><em>Le partage de documents avec différentes administrations publiques et ministères sera également facilité par le biais de la plateforme myguichet afin de garantir le principe du once only, dans le strict respect du règlement général sur la protection des données. (*p.158)</em></p>
<h3 id='s-1-2-evaluation-du-point-de-vue-de-la-fedil'>1.2. Évaluation du point de vue de la FEDIL</h3>
<p>L&#8217;association industrielle exprime ses félicitations au Gouvernement pour les nombreuses mesures entreprises en vue de simplifier, rationaliser et accélérer les procédures d&#8217;autorisation environnementale dans le but de les rendre plus pragmatiques. Afin de garantir la mise en œuvre efficace de ces mesures, il apparaît indispensable que toutes les parties prenantes et les autorités compétentes soient convenablement préparées et informées. Cela leur permettra d&#8217;ajuster le traitement de leurs dossiers pour refléter la plus grande célérité et les nouvelles ambitions des politiques environnementales.</p>
<p>La FEDIL salue avec satisfaction l&#8217;innovation représentée par le concept de « Nature auf Zeit ». Il est évident que ce principe devra également s&#8217;appliquer aux zones d&#8217;activités, dont les terrains n&#8217;auraient temporairement pas été occupés par une activité économique, et ne devrait pas se focaliser uniquement sur les agglomérations.</p>
<p>Il ressort de retours obtenus de la part de promoteurs de projets d’investissement que l’intervention du CGDIS dans les processus d’autorisation commence à créer des problèmes pour le bon avancement de ces projets. Il faudra organiser, orienter et encadrer le CGDIS de manière à ce qu’il ne devienne un frein additionnel parmi les multiples intervenants dans les processus d’autorisation.</p>
<p><a href="#haut">(Retour aux sujets analysés dans le domaine Environnement)</a></p>
<hr />
<h2 id="2">2. Déchets</h2>
<h3 id='s-2-1-intentions-du-gouvernement'>2.1. Intentions du Gouvernement</h3>
<p>(* numéro de page dans l’accord de coalition 2023-2028)</p>
<h5 id='s-decharges-pour-dechets-inertes'>Décharges pour déchets inertes</h5>
<p><em>La capacité actuelle des décharges de déchets de construction étant insuffisante, le Gouvernement veillera à ce que de nouvelles décharges de déchets de construction soient désignées dans toutes les régions du pays. Dans ce cadre, les excavations de sols seront réduites afin d’éviter la production de déblais. Les terres non contaminées devraient par ailleurs également être réutilisées localement dans une logique d’économie circulaire. (*p.66)</em></p>
<h5 id='s-mise-en-oeuvre-dune-solution-nationale-pour-les-boues-depuration'>Mise en œuvre d’une solution nationale pour les boues d’épuration</h5>
<p><em>Depuis l&#8217;arrêt des importations de boues d&#8217;épuration en France, il est devenu indispensable de trouver une solution nationale pour l&#8217;élimination des boues. De concert avec les communes et syndicats de communes concernés, le Gouvernement mettra en œuvre le projet de construction d&#8217;une installation d&#8217;incinération nationale avec récupération du phosphore et s&#8217;engage à ce que ce projet soit réalisé dans les meilleurs délais. (*p.64)</em></p>
<h3 id='s-2-2-evaluation-du-point-de-vue-de-la-fedil'>2.2. Évaluation du point de vue de la FEDIL</h3>
<p>La FEDIL se réjouit de constater que sa demande concernant les décharges pour déchets inertes a été prise en compte par le Gouvernement. Il s&#8217;agit d&#8217;une mesure qui profitera à l&#8217;efficacité du secteur de la construction et à la réduction de l&#8217;empreinte carbone du secteur du transport. Quant à l&#8217;empreinte carbone du secteur de la construction, elle bénéficiera de l&#8217;approche visant à réduire les excavations nécessaires à la construction de bâtiments.</p>
<p>La FEDIL estime qu&#8217;il est nécessaire de développer une initiative visant à traiter l&#8217;élimination des boues d&#8217;épuration en collaboration avec les parties prenantes susceptibles de les utiliser comme matière première secondaire pour la production de chaleur, notamment dans la production de ciment.</p>
<p>Il est impératif que le Luxembourg s&#8217;abstienne de prendre des mesures unilatérales dans le domaine de l&#8217;emballage, comme cela a été constaté par le passé, car de telles initiatives risquent d’avoir des répercussions perturbatrices sur l&#8217;industrie et le commerce. Au contraire, il est essentiel de mettre en avant l&#8217;importance de travailler en étroite collaboration avec nos  pays voisins en vue d&#8217;élaborer et de mettre en œuvre des politiques relatives aux plastiques et aux emballages. Cette coopération revêt une importance cruciale pour parvenir à un équilibre entre les caractéristiques fonctionnelles des emballages, notamment leur rôle dans la préservation des produits, et l&#8217;impératif de réduire les déchets, tout en encourageant la réutilisation et le recyclage. À cette fin, il pourrait être nécessaire d&#8217;engager des négociations et de conclure des accords avec nos pays voisins.</p>
<p><a href="#haut">(Retour aux sujets analysés dans le domaine Environnement)</a></p>

    </div>
</div>
