{"id":66982,"date":"2024-04-18T10:00:09","date_gmt":"2024-04-18T08:00:09","guid":{"rendered":"https:\/\/fedil.lu\/publications\/les-qualifications-de-demain-dans-lindustrie-2024\/"},"modified":"2024-04-18T10:02:35","modified_gmt":"2024-04-18T08:02:35","slug":"les-qualifications-de-demain-dans-lindustrie-2024","status":"publish","type":"publication","link":"https:\/\/fedil.lu\/en\/publications\/les-qualifications-de-demain-dans-lindustrie-2024\/","title":{"rendered":"Les qualifications de demain dans l&#8217;industrie &#8211; 2024"},"content":{"rendered":"<div class=\"text-block js-section\">\n    <h2 class=\"text-block__title\" data-page-navigation=\"\">\n        \n    <\/h2>\n    <div class=\"text-block__text format-text\">\n        <p>Depuis 1998, respectivement 2001, la FEDIL organise et publie en alternance des enqu\u00eates sur &#8220;Les qualifications de demain&#8221; dans l\u2019industrie et dans le domaine des technologies de l&#8217;information et de la communication (TIC). A partir de l&#8217;\u00e9dition 2024, les deux enqu\u00eates sont fusionn\u00e9es pour donner une vue d&#8217;ensemble sur les pr\u00e9visions d\u2019embauche des entreprises industrielles au Luxembourg.<\/p>\n<p>Pour l&#8217;\u00e9dition 2024,<\/p>\n<ul>\n<li><strong>109 entreprises<\/strong> membres de la FEDIL ont particip\u00e9 au sondage, repr\u00e9sentant \u00e0 elles seules plus de 30.000 emplois.<\/li>\n<li><strong>1.970 embauches<\/strong> sont pr\u00e9vues sur les deux ann\u00e9es \u00e0 venir.<\/li>\n<li>Ces pr\u00e9visions d&#8217;embauche concernent des cr\u00e9ations d&#8217;emplois (47,8%) et des remplacements de d\u00e9parts (52,2%).<\/li>\n<li>La formation la plus sollicit\u00e9e est le DAP &#8211; dipl\u00f4me d&#8217;aptitude professionnelle (36.2%), suivi du dipl\u00f4me de Bachelor (17,5%) et de celui du Technicien (15,3%).<\/li>\n<\/ul>\n<p><center><\/center><center><a href=\"https:\/\/fedil.lu\/wp-content\/uploads\/2024\/04\/FED_002_les_qualifications_de_demain_dans_lindustrie_16Avr24.pdf\"><b>Consultez la brochure de l\u2019enqu\u00eate \u00ab Les qualifications de demain dans l&#8217;industrie \u00bb<\/b><\/a><\/center><center><a href=\"https:\/\/fedil.lu\/wp-content\/uploads\/2024\/04\/FED_002_les_qualifications_de_demain_dans_lindustrie_11Avr24.pdf\"><br \/>\n<\/a><a href=\"https:\/\/fedil.lu\/wp-content\/uploads\/2024\/04\/FED_002_les_qualifications_de_demain_dans_lindustrie_16Avr24.pdf\" target=\"_blank\" rel=\"noopener\"><img loading=\"lazy\" decoding=\"async\" class=\"alignnone\" src=\"https:\/\/fedil.lu\/wp-content\/uploads\/2024\/04\/Image_les_qualifications_de_demain_dans_lindustrie_Front-1.png\" alt=\"IND2023\" width=\"500\" height=\"600\" \/><\/a><\/center><\/p>\n\n    <\/div>\n<\/div>","protected":false},"excerpt":{"rendered":"","protected":false},"author":14,"featured_media":0,"template":"","class_list":["post-66982","publication","type-publication","status-publish","hentry"],"acf":[],"_links":{"self":[{"href":"https:\/\/fedil.lu\/en\/wp-json\/wp\/v2\/publication\/66982","targetHints":{"allow":["GET"]}}],"collection":[{"href":"https:\/\/fedil.lu\/en\/wp-json\/wp\/v2\/publication"}],"about":[{"href":"https:\/\/fedil.lu\/en\/wp-json\/wp\/v2\/types\/publication"}],"author":[{"embeddable":true,"href":"https:\/\/fedil.lu\/en\/wp-json\/wp\/v2\/users\/14"}],"version-history":[{"count":4,"href":"https:\/\/fedil.lu\/en\/wp-json\/wp\/v2\/publication\/66982\/revisions"}],"predecessor-version":[{"id":67043,"href":"https:\/\/fedil.lu\/en\/wp-json\/wp\/v2\/publication\/66982\/revisions\/67043"}],"wp:attachment":[{"href":"https:\/\/fedil.lu\/en\/wp-json\/wp\/v2\/media?parent=66982"}],"curies":[{"name":"wp","href":"https:\/\/api.w.org\/{rel}","templated":true}]}}

<div class="text-block js-section">
    <h2 class="text-block__title" data-page-navigation="">
        
    </h2>
    <div class="text-block__text format-text">
        <p>Depuis 1998, respectivement 2001, la FEDIL organise et publie en alternance des enquêtes sur &#8220;Les qualifications de demain&#8221; dans l’industrie et dans le domaine des technologies de l&#8217;information et de la communication (TIC). A partir de l&#8217;édition 2024, les deux enquêtes sont fusionnées pour donner une vue d&#8217;ensemble sur les prévisions d’embauche des entreprises industrielles au Luxembourg.</p>
<p>Pour l&#8217;édition 2024,</p>
<ul>
<li><strong>109 entreprises</strong> membres de la FEDIL ont participé au sondage, représentant à elles seules plus de 30.000 emplois.</li>
<li><strong>1.970 embauches</strong> sont prévues sur les deux années à venir.</li>
<li>Ces prévisions d&#8217;embauche concernent des créations d&#8217;emplois (47,8%) et des remplacements de départs (52,2%).</li>
<li>La formation la plus sollicitée est le DAP &#8211; diplôme d&#8217;aptitude professionnelle (36.2%), suivi du diplôme de Bachelor (17,5%) et de celui du Technicien (15,3%).</li>
</ul>
<p><center></center><center><a href="https://fedil.lu/wp-content/uploads/2024/04/FED_002_les_qualifications_de_demain_dans_lindustrie_16Avr24.pdf"><b>Consultez la brochure de l’enquête « Les qualifications de demain dans l&#8217;industrie »</b></a></center><center><a href="https://fedil.lu/wp-content/uploads/2024/04/FED_002_les_qualifications_de_demain_dans_lindustrie_11Avr24.pdf"><br />
</a><a href="https://fedil.lu/wp-content/uploads/2024/04/FED_002_les_qualifications_de_demain_dans_lindustrie_16Avr24.pdf" target="_blank" rel="noopener"><img loading="lazy" decoding="async" class="alignnone" src="https://fedil.lu/wp-content/uploads/2024/04/Image_les_qualifications_de_demain_dans_lindustrie_Front-1.png" alt="IND2023" width="500" height="600" /></a></center></p>

    </div>
</div>
