{"id":67090,"date":"2024-04-17T10:04:08","date_gmt":"2024-04-17T08:04:08","guid":{"rendered":"https:\/\/fedil.lu\/?post_type=event&#038;p=67090"},"modified":"2024-09-27T22:44:09","modified_gmt":"2024-09-27T20:44:09","slug":"fedil-ai-forum-kick-off-meeting","status":"publish","type":"event","link":"https:\/\/fedil.lu\/fr\/events\/fedil-ai-forum-kick-off-meeting\/","title":{"rendered":"FEDIL AI Forum: Kick-off meeting"},"content":{"rendered":"\n<p><\/p>\n\n\n<div class=\"text-block js-section\">\n    <h2 class=\"text-block__title\" data-page-navigation=\"\">\n        \n    <\/h2>\n    <div class=\"text-block__text format-text\">\n        <p>Today we live in a world where Artificial Intelligence is more than a buzzword, it is a reality. While artificial intelligence poses a number of regulatory requirements to comply with the recently adopted AI Act and also presents certain challenges with regard to implementation and use, it undeniably brings opportunities as well in multiple fields, such as industrial processes, human resources management, environmental issues, quality control, etc. that businesses should explore and embrace in order to remain up-to-date and competitive.<\/p>\n<p>To bring our members together on this subject, engage in the discussion, make AI more accessible and answer questions regarding AI, FEDIL is launching a dedicated \u00ab\u00a0FEDIL AI Forum\u00a0\u00bb. This forum is open to users, developers, or integrators of AI. We plan to meet on a quarterly basis.<\/p>\n<p>We are pleased to share with you the agenda for our upcoming kick-off meeting of \u201cFEDIL AI Forum\u201d scheduled for April 17th from 10:00 AM to 12:00 PM, at the Luxembourg Chamber of Commerce&rsquo;s Conference Center. This meeting marks the beginning of our initiative and will set the tone for our collaboration moving forward.<\/p>\n<h2 id='s-agenda'>AGENDA<\/h2>\n<p><strong>10:00 \u2013 10:10<\/strong>\u00a0 Welcome and introduction<\/p>\n<p><strong>10:10 \u2013 10 :20<\/strong> Summary of the feedback provided \u2013 sectors represented<\/p>\n<p><em>C\u00e9line Tarraube, Adviser Digital &amp; Innovation, FEDIL<\/em><\/p>\n<p><strong>10:20 \u2013 10:30<\/strong> Update on European AI Regulation<\/p>\n<p><em>C\u00e9line Tarraube, Adviser Digital &amp; Innovation, FEDIL<\/em><\/p>\n<p><strong>10:30 \u2013 10:50<\/strong> Au-del\u00e0 des limites : L&rsquo;IA g\u00e9n\u00e9rative comme moteur d&rsquo;innovation et de cr\u00e9ativit\u00e9 (presentation in French)<\/p>\n<p><em>Thomas Friederich, General Manager, Earthlab<\/em><\/p>\n<p><strong>10:50 \u2013 11:10<\/strong> Case in point: Deploying GenAI large-scale<\/p>\n<p><em>Maurice Schubert, Partner &#8211; Cyber \u2013 Digital Risk &amp; Resilience, Deloitte<\/em><\/p>\n<p><strong>11:10 \u2013 11:30<\/strong> Our contribution to the development of real-time Edge AI inference for GenAI models: for creating content in media and virtual assistants for the gaming industry.<\/p>\n<p><em>Seva Vayner, Product Director, Edge &amp; AI Cloud, Gcore<\/em><\/p>\n<p><strong>11:30 \u2013 11:40<\/strong> Conclusion &amp; next steps<\/p>\n<p><em>C\u00e9line Tarraube, Adviser Digital &amp; Innovation, FEDIL<\/em><\/p>\n<p><strong>11:40 \u2013 12:00<\/strong> Networking drinks<\/p>\n<p>This forum in an open one. You are invited to actively participate in the discussion and raise additional topics or items.<\/p>\n<p>Looking forward to a productive meeting and a successful collaboration.<\/p>\n<p><center>With logistical support from<br \/>\n<img decoding=\"async\" src=\"https:\/\/fedil.lu\/wp-content\/uploads\/2023\/12\/chamber-of-commerce-luxembourg-logo.png\" width=\"200\" \/><\/center><\/p>\n\n    <\/div>\n<\/div>\n\n<div class=\"contacts-block js-section\">\n    <h2 class=\"contacts-block__title\" data-page-navigation=\"\">\n        \n    <\/h2>\n            <div class=\"contact-cards\">\n                                                <div class=\"contact-card__inner\">\n        <div class=\"contact-card\">\n                    <img decoding=\"async\" src=\"https:\/\/fedil.lu\/wp-content\/uploads\/2021\/12\/LAS9072-200x200.jpg\" srcset=\"\" class=\"contact-card__photo\" loading=\"lazy\"  \/>\n            <\/div>\n    \n    <div class=\"contact-card__title\">\n        <strong>C\u00e9line Tarraube<\/strong>\n    <\/div>\n    <p class=\"contact-card__email\">celine.tarraube@fedil.lu<\/p>\n    <p class=\"contact-card__phone\">+352 43 53 66-610\n    <\/p>\n<\/div>                                    <\/div>\n    <\/div>","protected":false},"excerpt":{"rendered":"","protected":false},"author":14,"featured_media":0,"template":"","event_category":[703,702],"class_list":["post-67090","event","type-event","status-publish","hentry","event_category-digital-innovation","event_category-members-only"],"acf":[],"_links":{"self":[{"href":"https:\/\/fedil.lu\/fr\/wp-json\/wp\/v2\/event\/67090","targetHints":{"allow":["GET"]}}],"collection":[{"href":"https:\/\/fedil.lu\/fr\/wp-json\/wp\/v2\/event"}],"about":[{"href":"https:\/\/fedil.lu\/fr\/wp-json\/wp\/v2\/types\/event"}],"author":[{"embeddable":true,"href":"https:\/\/fedil.lu\/fr\/wp-json\/wp\/v2\/users\/14"}],"version-history":[{"count":9,"href":"https:\/\/fedil.lu\/fr\/wp-json\/wp\/v2\/event\/67090\/revisions"}],"predecessor-version":[{"id":68135,"href":"https:\/\/fedil.lu\/fr\/wp-json\/wp\/v2\/event\/67090\/revisions\/68135"}],"wp:attachment":[{"href":"https:\/\/fedil.lu\/fr\/wp-json\/wp\/v2\/media?parent=67090"}],"wp:term":[{"taxonomy":"event_category","embeddable":true,"href":"https:\/\/fedil.lu\/fr\/wp-json\/wp\/v2\/event_category?post=67090"}],"curies":[{"name":"wp","href":"https:\/\/api.w.org\/{rel}","templated":true}]}}

<p></p>


<div class="text-block js-section">
    <h2 class="text-block__title" data-page-navigation="">
        
    </h2>
    <div class="text-block__text format-text">
        <p>Today we live in a world where Artificial Intelligence is more than a buzzword, it is a reality. While artificial intelligence poses a number of regulatory requirements to comply with the recently adopted AI Act and also presents certain challenges with regard to implementation and use, it undeniably brings opportunities as well in multiple fields, such as industrial processes, human resources management, environmental issues, quality control, etc. that businesses should explore and embrace in order to remain up-to-date and competitive.</p>
<p>To bring our members together on this subject, engage in the discussion, make AI more accessible and answer questions regarding AI, FEDIL is launching a dedicated « FEDIL AI Forum ». This forum is open to users, developers, or integrators of AI. We plan to meet on a quarterly basis.</p>
<p>We are pleased to share with you the agenda for our upcoming kick-off meeting of “FEDIL AI Forum” scheduled for April 17th from 10:00 AM to 12:00 PM, at the Luxembourg Chamber of Commerce&rsquo;s Conference Center. This meeting marks the beginning of our initiative and will set the tone for our collaboration moving forward.</p>
<h2 id='s-agenda'>AGENDA</h2>
<p><strong>10:00 – 10:10</strong>  Welcome and introduction</p>
<p><strong>10:10 – 10 :20</strong> Summary of the feedback provided – sectors represented</p>
<p><em>Céline Tarraube, Adviser Digital &amp; Innovation, FEDIL</em></p>
<p><strong>10:20 – 10:30</strong> Update on European AI Regulation</p>
<p><em>Céline Tarraube, Adviser Digital &amp; Innovation, FEDIL</em></p>
<p><strong>10:30 – 10:50</strong> Au-delà des limites : L&rsquo;IA générative comme moteur d&rsquo;innovation et de créativité (presentation in French)</p>
<p><em>Thomas Friederich, General Manager, Earthlab</em></p>
<p><strong>10:50 – 11:10</strong> Case in point: Deploying GenAI large-scale</p>
<p><em>Maurice Schubert, Partner &#8211; Cyber – Digital Risk &amp; Resilience, Deloitte</em></p>
<p><strong>11:10 – 11:30</strong> Our contribution to the development of real-time Edge AI inference for GenAI models: for creating content in media and virtual assistants for the gaming industry.</p>
<p><em>Seva Vayner, Product Director, Edge &amp; AI Cloud, Gcore</em></p>
<p><strong>11:30 – 11:40</strong> Conclusion &amp; next steps</p>
<p><em>Céline Tarraube, Adviser Digital &amp; Innovation, FEDIL</em></p>
<p><strong>11:40 – 12:00</strong> Networking drinks</p>
<p>This forum in an open one. You are invited to actively participate in the discussion and raise additional topics or items.</p>
<p>Looking forward to a productive meeting and a successful collaboration.</p>
<p><center>With logistical support from<br />
<img decoding="async" src="https://fedil.lu/wp-content/uploads/2023/12/chamber-of-commerce-luxembourg-logo.png" width="200" /></center></p>

    </div>
</div>

<div class="contacts-block js-section">
    <h2 class="contacts-block__title" data-page-navigation="">
        
    </h2>
            <div class="contact-cards">
                                                <div class="contact-card__inner">
        <div class="contact-card">
                    <img decoding="async" src="https://fedil.lu/wp-content/uploads/2021/12/LAS9072-200x200.jpg" srcset="" class="contact-card__photo" loading="lazy"  />
            </div>
    
    <div class="contact-card__title">
        <strong>Céline Tarraube</strong>
    </div>
    <p class="contact-card__email">celine.tarraube@fedil.lu</p>
    <p class="contact-card__phone">+352 43 53 66-610
    </p>
</div>                                    </div>
    </div>
