{"id":72015,"date":"2025-09-18T10:14:00","date_gmt":"2025-09-18T08:14:00","guid":{"rendered":"https:\/\/fedil.lu\/?post_type=publication&#038;p=72015"},"modified":"2025-10-15T10:26:26","modified_gmt":"2025-10-15T08:26:26","slug":"enquete-sur-les-qualifications-de-demain-dans-lindustrie-edition-2026","status":"publish","type":"publication","link":"https:\/\/fedil.lu\/fr\/publications\/enquete-sur-les-qualifications-de-demain-dans-lindustrie-edition-2026\/","title":{"rendered":"Enqu\u00eate sur les Qualifications de demain dans l\u2019Industrie &#8211; \u00c9dition 2026"},"content":{"rendered":"<div class=\"text-block js-section\">\n    <h2 class=\"text-block__title\" data-page-navigation=\"Appel \u00e0 participation\">\n        Appel \u00e0 participation\n    <\/h2>\n    <div class=\"text-block__text format-text\">\n        <p>L\u2019avenir de l\u2019industrie luxembourgeoise se construit aujourd\u2019hui. Pour anticiper les besoins en comp\u00e9tences et relever ensemble le d\u00e9fi d\u2019une main-d\u2019\u0153uvre qualifi\u00e9e, la FEDIL, en collaboration avec la Chambre de Commerce, la Maison de l\u2019orientation, le minist\u00e8re de la Recherche et de l&rsquo;Enseignement sup\u00e9rieur ainsi que l\u2019ADEM, lance cet automne une nouvelle enqu\u00eate sur les qualifications et profils recherch\u00e9s dans les deux prochaines ann\u00e9es par les entreprises industrielles du Grand-Duch\u00e9 de Luxembourg.<\/p>\n<p>Votre contribution est essentielle : chaque r\u00e9ponse permettra de dresser un \u00e9tat des lieux pr\u00e9cis des m\u00e9tiers techniques, digitaux et administratifs dont nos entreprises auront besoin demain. Ces informations orienteront les jeunes vers des fili\u00e8res porteuses, guideront l\u2019adaptation de la formation professionnelle et soutiendront la d\u00e9finition de strat\u00e9gies de formation efficaces pour l\u2019ensemble de notre \u00e9conomie.<\/p>\n<p>Dans un contexte marqu\u00e9 par une p\u00e9nurie de main-d\u2019\u0153uvre, il est crucial que vos besoins soient entendus et pris en compte. M\u00eame si vos pr\u00e9visions d\u2019embauche ne peuvent \u00eatre qu\u2019approximatives, elles constituent un signal pr\u00e9cieux pour mieux pr\u00e9parer l\u2019avenir.<\/p>\n<p>L\u2019enqu\u00eate est accessible via un outil en ligne s\u00e9curis\u00e9. Nous vous invitons \u00e0 y r\u00e9pondre <strong>avant le 10 novembre 2025<\/strong>. La confidentialit\u00e9 de vos donn\u00e9es est pleinement garantie : aucune information individuelle ne sera publi\u00e9e et seules les personnes habilit\u00e9es, soumises \u00e0 une stricte obligation de secret professionnel, auront acc\u00e8s aux r\u00e9sultats.<\/p>\n<p>Avant de commencer, nous vous conseillons de consulter la lettre explicative sur les niveaux de formation et les m\u00e9tiers recens\u00e9s ainsi que l\u2019exemple ci-dessous. Pour toute question technique, vous pouvez contacter Rodney Ndong-Eyogo (<a href=\"mailto:rodney.ndong-eyogo@fedil.lu\">rodney.ndong-eyogo@fedil.lu<\/a>).<\/p>\n<p style=\"text-align: center;\"><a href=\"https:\/\/fedil.lu\/wp-content\/uploads\/2025\/09\/exemple_2026_FR.pdf#_msdynmkt_donottrack=0,_msdynmkt_linkid=d3cdfde3-95a2-493f-9e03-b36c24f4a9dd\">Consultez l&rsquo;exemple<\/a>\u00a0| <a href=\"https:\/\/fedil.lu\/wp-content\/uploads\/2025\/09\/Edition-2026_FR_VF_lettre-explicative-sur-les-niveaux-de-formation-et-les-metiers-recenses.pdf#_msdynmkt_donottrack=0,_msdynmkt_linkid=73d2cdfe-2bbb-425b-9d0e-64ac404572b4\">Lettre explicative sur les niveaux de formation et les m\u00e9tiers recens\u00e9s<\/a><\/p>\n<p style=\"text-align: center;\"><a href=\"https:\/\/fedil.surveysparrow.com\/s\/Enqute-Qualifications-de-demainTIC-2026---FR\/tt-yNy3o#_msdynmkt_donottrack=0,_msdynmkt_linkid=b5d655a0-78d9-4358-8912-60ef3d07a4fe\"><strong>PARTICIPEZ \u00c0 L&rsquo;ENQU\u00caTE<\/strong><\/a><\/p>\n\n    <\/div>\n<\/div>","protected":false},"excerpt":{"rendered":"","protected":false},"author":14,"featured_media":0,"template":"","class_list":["post-72015","publication","type-publication","status-publish","hentry"],"acf":[],"_links":{"self":[{"href":"https:\/\/fedil.lu\/fr\/wp-json\/wp\/v2\/publication\/72015","targetHints":{"allow":["GET"]}}],"collection":[{"href":"https:\/\/fedil.lu\/fr\/wp-json\/wp\/v2\/publication"}],"about":[{"href":"https:\/\/fedil.lu\/fr\/wp-json\/wp\/v2\/types\/publication"}],"author":[{"embeddable":true,"href":"https:\/\/fedil.lu\/fr\/wp-json\/wp\/v2\/users\/14"}],"version-history":[{"count":1,"href":"https:\/\/fedil.lu\/fr\/wp-json\/wp\/v2\/publication\/72015\/revisions"}],"predecessor-version":[{"id":72017,"href":"https:\/\/fedil.lu\/fr\/wp-json\/wp\/v2\/publication\/72015\/revisions\/72017"}],"wp:attachment":[{"href":"https:\/\/fedil.lu\/fr\/wp-json\/wp\/v2\/media?parent=72015"}],"curies":[{"name":"wp","href":"https:\/\/api.w.org\/{rel}","templated":true}]}}

Enquête sur les Qualifications de demain dans l’Industrie &#8211; Édition 2026

<div class="text-block js-section">
    <h2 class="text-block__title" data-page-navigation="Appel à participation">
        Appel à participation
    </h2>
    <div class="text-block__text format-text">
        <p>L’avenir de l’industrie luxembourgeoise se construit aujourd’hui. Pour anticiper les besoins en compétences et relever ensemble le défi d’une main-d’œuvre qualifiée, la FEDIL, en collaboration avec la Chambre de Commerce, la Maison de l’orientation, le ministère de la Recherche et de l&rsquo;Enseignement supérieur ainsi que l’ADEM, lance cet automne une nouvelle enquête sur les qualifications et profils recherchés dans les deux prochaines années par les entreprises industrielles du Grand-Duché de Luxembourg.</p>
<p>Votre contribution est essentielle : chaque réponse permettra de dresser un état des lieux précis des métiers techniques, digitaux et administratifs dont nos entreprises auront besoin demain. Ces informations orienteront les jeunes vers des filières porteuses, guideront l’adaptation de la formation professionnelle et soutiendront la définition de stratégies de formation efficaces pour l’ensemble de notre économie.</p>
<p>Dans un contexte marqué par une pénurie de main-d’œuvre, il est crucial que vos besoins soient entendus et pris en compte. Même si vos prévisions d’embauche ne peuvent être qu’approximatives, elles constituent un signal précieux pour mieux préparer l’avenir.</p>
<p>L’enquête est accessible via un outil en ligne sécurisé. Nous vous invitons à y répondre <strong>avant le 10 novembre 2025</strong>. La confidentialité de vos données est pleinement garantie : aucune information individuelle ne sera publiée et seules les personnes habilitées, soumises à une stricte obligation de secret professionnel, auront accès aux résultats.</p>
<p>Avant de commencer, nous vous conseillons de consulter la lettre explicative sur les niveaux de formation et les métiers recensés ainsi que l’exemple ci-dessous. Pour toute question technique, vous pouvez contacter Rodney Ndong-Eyogo (<a href="mailto:rodney.ndong-eyogo@fedil.lu">rodney.ndong-eyogo@fedil.lu</a>).</p>
<p style="text-align: center;"><a href="https://fedil.lu/wp-content/uploads/2025/09/exemple_2026_FR.pdf#_msdynmkt_donottrack=0,_msdynmkt_linkid=d3cdfde3-95a2-493f-9e03-b36c24f4a9dd">Consultez l&rsquo;exemple</a> | <a href="https://fedil.lu/wp-content/uploads/2025/09/Edition-2026_FR_VF_lettre-explicative-sur-les-niveaux-de-formation-et-les-metiers-recenses.pdf#_msdynmkt_donottrack=0,_msdynmkt_linkid=73d2cdfe-2bbb-425b-9d0e-64ac404572b4">Lettre explicative sur les niveaux de formation et les métiers recensés</a></p>
<p style="text-align: center;"><a href="https://fedil.surveysparrow.com/s/Enqute-Qualifications-de-demainTIC-2026---FR/tt-yNy3o#_msdynmkt_donottrack=0,_msdynmkt_linkid=b5d655a0-78d9-4358-8912-60ef3d07a4fe"><strong>PARTICIPEZ À L&rsquo;ENQUÊTE</strong></a></p>

    </div>
</div>
